8?
-17
Evaluate (-18 - -18) + (-5 - (2 - 16)).
9
Calculate -20 + 38 - (53 + -12).
-23
Evaluate -2 - (3 + -2 - -9).
-12
Calculate -11 + 11 + (12 - 3) - (-2 - 2).
13
Evaluate -10 + -3 + 8 - (2 - 0).
-7
-8 + 1 + 10 - (-2 + 2 + -18)
21
What is 6 + (-1 - 0 - -7) + (9 - 3)?
18
What is 4 - (-11 - ((9 - 1) + (9 - 13)))?
19
What is the value of 6 + (12 - 37) + 14?
-5
(-22 - -32 - 29) + 24
5
What is (-9 + 6 - (2 - (-1 - -11))) + 2?
7
What is (23 - (32 - 16)) + (-13 - -2)?
-4
-7 + 7 + -7 + (8 - 8)
-7
What is the value of 15 + (-12 - 10) - -6?
-1
Evaluate -6 + 1 - (-2 + -12 - -13).
-4
Calculate -12 - (-9 - 3) - (14 + -4).
-10
What is the value of (7 + -4 + -10 - -12) + -1 + 5?
9
(8 + -19 + 8 - -4) + -15
-14
Evaluate 27 - 6 - 10 - (5 - 8).
14
Evaluate -15 + (-10 - 2) + -3 + 29.
-1
Calculate (6 - -1) + (-4 - (5 + -8)).
6
4 - ((-3 - 5) + 30 + -13 - 24)
19
What is (-9 - -7) + -10 + 4?
-8
Evaluate (19 - 3) + (-1 - (16 + -3) - -14).
16
What is -1 - (29 + -26) - -4?
0
What is -16 - ((-7 - 12) + 14)?
-11
Calculate 10 + (7 - (-11 - (-23 - -10))).
15
What is 22 + (-9 - (7 + 3)) + (1 - -7)?
11
What is the value of (-14 - 1) + (181 - 168)?
-2
What is the value of (91 - 92) + (4 + (-1 - -3) - 2)?
3
-4 + 2 - (-23 - (0 + (11 - 19)))
13
What is the value of -8 - (-35 + 19) - 2?
6
Evaluate -6 + (23 - 33 - -17).
1
What is the value of 25 + -19 + 8 + -32?
-18
What is the value of -4 + -18 + 0 + (-21 - -28)?
-15
2 - (-16 + (15 - 19))
22
What is -1 - 5 - (0 - (31 + (-22 - -10)))?
13
Calculate -8 - ((-7 - 5) + 17 + -3).
-10
(4 - -1) + -2 + 5
8
Evaluate -4 - -42 - (2 + 20).
16
Evaluate -46 - -48 - (1 + 0 - -9).
-8
What is the value of (-14 - -28 - 8) + (-4 - -3)?
5
Calculate (11 - (-16 + 42)) + 6.
-9
Evaluate 8 + -1 + (18 - (14 - -13)).
-2
Calculate (10 - (15 + 12)) + -3 + 1 + 3.
-16
(-4 - (-23 + 3)) + -4
12
-3 - (-2 + -3 + 0 + (-55 - -54))
3
What is -5 + 1 - (-4 - (-18 - (-7 - 8)))?
-3
Calculate -1 - (-3 - -12) - (-5 + (-6 - -5)).
-4
What is (-18 - 2) + (20 - 5)?
-5
What is -39 - (17 - 27) - -26?
-3
What is the value of 6 + (4 - 2) - (-12 + -15 + 33)?
2
Calculate 6 - (-29 - -13 - -29 - (-1 + 8)).
0
What is the value of (-5 - (11 + -9)) + (13 - 0 - -4)?
10
Calculate (-1 - (-3 + -30)) + -4 + 0 + -2.
26
Evaluate -14 + 11 + 17 + -2 + -5.
7
What is -10 + 2 - (-9 + -6 + 9)?
-2
What is -3 - (26 + -8) - -1 - -21?
1
Evaluate -2 + 13 + -21 + 5 + 0.
-5
20 - (7 + (-1 - 2 - (-11 + 9)))
14
What is 11 + 12 + -17 - 12 - 16?
-22
What is the value of -1 + (-2 - 0) - 17 - (36 - 44)?
-12
Evaluate -5 + 7 + -10 + (20 - -2).
14
Calculate (5 - 32) + 14 - (1 + 0).
-14
-35 - (-6 - -22 - 41)
-10
Calculate -8 - ((10 - (8 - -9)) + 5).
-6
Calculate -17 + 24 + (0 - (2 - 1)) - 9.
-3
What is -24 + 0 + 18 + (5 - -3 - 4)?
-2
(1 - 21) + 11 + 11 + -3
-1
Evaluate 10 + (-20 - 2) - 1.
-13
What is the value of (5 - -1) + (-1 - (5 + -6 + -4))?
10
What is (0 - (9 - 9)) + (3 - 4 - 7)?
-8
4 + 6 + -5 + -2 - 10
-7
What is the value of 6 - (4 + 6 + -5 + (3 - 10))?
8
What is 29 + -59 - (-13 + -21)?
4
Evaluate -1 + -1 + (5 - 5).
-2
Evaluate -7 - ((7 - 23) + 3).
6
195 + -203 + (-7 - 0)
-15
What is the value of ((-1 - 1) + (0 - -14) - 5) + -4?
3
What is -10 - (9 - (3 - -22))?
6
What is 20 - (-23 - (-27 - 31))?
-15
(17 + -2 - 9) + 6 - -3
15
Evaluate (46 + -39 - (2 - 3)) + 1 + -22.
-13
What is the value of 1 - (13 + -1) - (-231 - -236)?
-16
What is (-1 - (5 + -4)) + -2 - (-13 + -1)?
10
What is the value of 2 - 6 - -1 - 20 - (19 - 18)?
-24
What is the value of (9 - 6) + (3 - -3)?
9
Evaluate (-98 - -65) + 56 - (12 - -1).
10
What is -10 + 6 + 11 + (11 - 9 - 4)?
5
Calculate (-3 - (-6 - -1) - -1) + -10.
-7
What is (8 - 4 - 5) + 13 + 12?
24
What is (-3 - -10) + -13 - (-1 - (2 + -5))?
-8
Evaluate (3 + 18 - 22) + (0 - 5).
-6
-8 - -12 - (-3 + 12 + -13)
8
What is the value of -14 + 0 - ((-1 - (-13 + 11)) + 0)?
-15
Evaluate -11 + 21 + 4 + (-6 - -15).
23
What is 14 + (16 + -2 - 42)?
-14
What is (-37 - (-20 - 29)) + -39 + -2?
-29
Calculate -3 - (-12 - (-8 + -2)).
-1
What is 10 + -29 + 18 - 5?
-6
19 + (-46 - 2) - -29
0
What is -16 + 9 - (8 + -4)?
-11
Calculate -25 - (-6 - (-7 + -9 + 15)).
-20
Calculate 13 - ((12 - 0 - 33) + 13).
21
Calculate (-13 - (-30 - -12)) + 0 + -16.
-11
17 - (-11 - (-8 + -8))
12
Calculate 7 - (18 + -23 + -1 + -5).
18
What is 18 + (14 - 11 - (0 - -4))?
17
Evaluate -4 + 6 + -1 + (5 - -1 - 5).
2
Evaluate -3 - 9 - (2 + -4).
-10
What is -10 + (4 - -4) + 16?
14
What is 8 - (30 - 11 - 7) - 10?
-14
Evaluate 7 + -1 - (-1 + 7 + 2).
-2
What is the value of -20 + -25 + 12 + 15?
-18
What is -24 + 1 - (2 - (-4 - (17 + -18)))?
-28
Evaluate (27 + -4 - 12) + -18.
-7
Calculate 209 - 198 - (0 - -3 - -2).
6
Evaluate (-1 + 5 - -9) + (4 - 6).
11
5 + 7 + (-10 - -7)
9
Calculate (-8 - -6) + 1 + (6 - (-7 + 29)).
-17
3 + 11 + 5 + -9 - 0 - 29
-19
Evaluate 27 - ((-22 - -8) + 8 - -14).
19
1 + -2 + (-463 - -450)
-14
What is -1 + (-9 - (-5 - (6 + -8))) + 5?
-2
-5 + 6 + -4 + (11 - 1)
7
Calculate -21 + (-11 + 4 - -23).
-5
Evaluate (32 - 8) + -20 - 16.
-12
What is 3 - ((17 - (26 + -9)) + 6 + -1)?
-2
What is the value of (0 - 2) + (15 - -1 - -4) - 2?
16
What is -2 + (4 + -1 - 8)?
-7
0 + 16 - (3 - 49 - -91)
-29
Evaluate (-1 - 0) + -223 + 215 + (7 - 25).
-27
Evaluate (-1 - -7) + 1 + (2 - (11 + -4)).
2
(-5 - -11 - (-8 + 12)) + -7 - 25
-30
Evaluate 11 + -15 - (-4 + 15).
-15
Calculate -15 - 0 - ((-9 - -8) + 11 - 9).
-16
What is 78 - 34 - 40 - (-1 + -18)?
23
Calculate (127 - 117) + -1 + 5.
14
Evaluate (-15 + 6 - -11) + 2.
4
What is the value of (-5 + -17 - -18) + (-3 - -1) - 5?
-11
What is the value of -4 + (5 + 5 + (2 - 4) - 7)?
-3
What is (-10 - (11 + -11 + -8)) + 11?
9
Calculate -1 + 8 - (-5 + -10 + 17).
5
3 + 1 + 0 - (-22 + 20)
6
What is -8 - 2 - (-17 - 2)?
9
Calculate -71 + 33 + 27 + (26 - -1).
16
Calculate 133 + -135 - ((6 - 3) + -2 - -12).
-15
What is the value of 27 + -9 + (-1 + 8 - (-140 - -158))?
7
-3 - (-5 + (4 - -1)) - 1 - -1
-3
-1 - -12 - (-1 + 2) - (9714 + -9684)
-20
What is (-1 - -1 - 1 - -6) + -1824 + 1816?
-3
What is (-11 - -34) + -26 - (-4 + 4 + -9)?
6
What is -12 - (8 - 17) - 2?
-5
What is the value of 16 - (6 + -13 - (-17 + -8))?
-2
Calculate 0 + (26 - 11) - 13 - (22 - 1).
-19
Evaluate 376 + -396 - (0 - 12).
-8
Evaluate -12 + (34 - 17) + -12.
-7
What is (31 - 30) + -6 - 11?
-16
Evaluate (14 - 22) + 17 + 2 + 22.
33
Evaluate (-20 - 2) + 2 - (44 + -31 + -6).
-27
Evaluate -9 + 1 - (119 + -121).
-6
Calculate -3 - -11 - (3 - -20).
-15
What is 2 + 28 + (-411 - -381)?
0
Evaluate 12 + 0 + -12 - -12.
12
Evaluate 325 + -295 - (4 + 67).
-41
1 + 0 + -4 + -3 + 0 + 11
5
Calculate -1 + (-8 - (10 - 18)) + 11.
10
(-18 + 3 - 2 - -34) + -34
-17
Evaluate (3 - 9) + (-9 - 0) - -20.
5
Evaluate -4 - ((21 - (1 + 0)) + -303 + 308).
-29
Calculate -17 + 32 - 9 - (9 + 0).
-3
What is (-58 - -16) + 75 + (-2 - -2) + -1?
32
9 + (21 - (5 - -4) - 11) + -5
5
2 + 71 - 37 - 2
34
What is 15 + -30 + 12 - -30?
27
Calculate 25 - (-40 - -29 - -11).
25
What is the value of 23 + (2 + -9 - 8)?
8
Calculate -4 + (-3 - -2) + -8 + 25 + -10.
2
Evaluate -2 + ((10 - 23) + 16 - -17).
18
What is (-5 - (5 + -12)) + (7 + -8 - -12)?
13
What is (8 - 4) + 8 + -25 + -3?
-16
Calculate 10 - (-2 + 11 + (4 - 3)).
0
What is -28 + 11 - -3 - -11?
-3
13 - (-35 - -21) - 25
2
What is 4 + 2 - (1 + (7 - 4) - 2)?
4
What is 21 - 13 - -10 - 15?
3
Calculate 33 - (-7 + 68 + -39).
11
21 - (57 - (9 - -22))
-5
Evaluate -12 + 19 + -9 + (-4 - 2).
-8
What is the value of (3 - -10) + -9 - -9?
13
Evaluate 11 - ((5 - 1) + -79 + 68 - -4).
14
Calculate 1 - -9 - ((21 - 26) + -2).
17
1 - 5 - (16 + -11 + -32 + 17)
6
What is 0 - 8 - (-69 - (39 + -95))?
5
-3 + 4 + -9 + 30 - (24 + -13)
11
What is the value of -4 + 1 + (-6 + 34 - 17) + -15?
-7
Evaluate -17 + -5 + 11 - 8.
-19
Evaluate 2 + 0 - ((-15 - -10) + 5).
2
Evaluate 11 + (-6 - (-12 - (-13 - -8))).
12
Evaluate 34 - (-22 + (40 - 3)).
19
Calculate 0 - (-13 + ((-1 - -8) + -6 - -2)).
10
Calculate -86 - -92 - (-5 + (-8 - 0)).
19
Calculate 172 + -168 + (-11 - -2 - -2).
-3
Evaluate (8 - -1) + 7 + (-18 - -26).
24
What is the value of (45 + -13 - 10) + -24 - (-25 - 2)?
25
Evaluate -5 + (-5 - (13 - (8 + 0 + -1))).
-16
Calculate (-4 + 3 - 6) + (-58 - -59).
-6
What is (3 - 5) + 0 - (-103 - -112)?
-11
Calculate 2 - (-2 + -2 - (-3 - -6)) - 0.
9
Evaluate 20 - 33 - (19 - 28).
-4
Evaluate 25 + -